
10
Let o(k) = -17*k - 621. Calculate o(-36).
-9
Let o(r) = 9*r + 3. Calculate o(-1).
-6
Let d(y) = -49*y**3 + 2*y**2 - y - 2. Give d(-1).
50
Let i(z) = z**3 - 17*z**2 + 17*z - 21. Give i(16).
-5
Let m(r) = 2*r**2 - 13*r - 33. Determine m(8).
-9
Let v(m) = 26*m - 25. Give v(0).
-25
Let z(j) = j**2 + 4*j + 3. Calculate z(-3).
0
Let f(p) = -2*p**3 - 3*p**2 + 9*p - 1. Determine f(2).
-11
Let k(r) = 4*r + 55. What is k(-15)?
-5
Let l(k) = k**3 + 2*k**2 - 2*k + 4. What is l(0)?
4
Let z(b) = b**3 - 18*b**2 + 14*b + 3. Give z(17).
-48
Let t(h) = -3*h + 14. Calculate t(8).
-10
Let c(d) = -d**2 - 9*d - 3. Give c(-14).
-73
Let i(t) = 3*t**2 - 33*t + 1. Give i(10).
-29
Let d(z) = z**2 - 6*z + 2. What is d(7)?
9
Let y(u) = -u**3 - u**2 + 2*u - 49. Determine y(0).
-49
Let y(k) = -5*k**2 + 2*k - 2. Give y(-3).
-53
Let s(d) = d**2 + d - 2. Give s(5).
28
Let w(z) = -2*z**3 - 41*z**2 + 20*z - 22. Determine w(-21).
-1
Let d(x) = -4*x + 7. Determine d(9).
-29
Let z(y) = -y**3 - 7*y**2 + 9*y + 1. Calculate z(-8).
-7
Let o(v) = v**3 - 2*v**2 - 2*v - 4. What is o(2)?
-8
Let j(u) = 5*u + 86. Determine j(-16).
6
Let a(z) = 6*z + 56. Give a(-13).
-22
Let t(j) = 5*j + 9. Calculate t(-14).
-61
Let j(x) = 2*x**3 + 17*x**2 + 5*x - 16. What is j(-8)?
8
Let n(f) = -2*f**2 + 5*f - 6. What is n(5)?
-31
Let r(d) = d**3 - 10*d**2 + 10*d + 53. Calculate r(8).
5
Let o(g) = g - 20. Determine o(15).
-5
Let i(o) = o + 5. Determine i(-2).
3
Let n(x) = -2*x - 19. Determine n(-10).
1
Let j(v) = 3*v - 59. Give j(0).
-59
Let h(f) = 2*f**3 - 78*f**2 + 7*f - 264. What is h(39)?
9
Let s(c) = c**3 + 9*c**2 - 10*c + 18. Determine s(-10).
18
Let z(w) = -w**2 - 2*w + 4. Give z(-4).
-4
Let r(d) = d**3 - 6*d**2 - d - 6. What is r(3)?
-36
Let x(d) = -d**2 - 22*d + 285. Determine x(-31).
6
Let l(w) = -w**3 - 3*w**2 + 2*w + 3. What is l(-2)?
-5
Let d(b) = b**3 - 7*b**2 - 3*b + 1. What is d(6)?
-53
Let a(m) = -m**2 + 10*m - 14. Give a(3).
7
Let x(a) = -3*a**2 + 3*a + 9. Determine x(4).
-27
Let c(x) = x + 41. What is c(-48)?
-7
Let o(k) = -3*k**3 - 9*k**2 - 7*k + 2. Give o(-4).
78
Let v(x) = -x**3 - 6*x**2 - 6*x - 34. What is v(-6)?
2
Let r(t) = 52*t + 26. Give r(-1).
-26
Let n(h) = -h**2 + 2*h - 2. What is n(3)?
-5
Let g(b) = -9*b**3 - 35*b**2 + 2*b - 4. Give g(-4).
4
Let x(w) = 6*w + 57. Calculate x(-10).
-3
Let s(a) = -46*a + 1004. Calculate s(22).
-8
Let g(k) = k**2 - k - 9. Determine g(-3).
3
Let z(x) = -x + 10. What is z(7)?
3
Let n(l) = -l**2 - 23*l + 20. Determine n(-23).
20
Let f(y) = y**3 + 2*y**2 - 6. What is f(0)?
-6
Let y(a) = a - 14. What is y(-6)?
-20
Let b(z) = z**2 + 15*z + 6. Calculate b(-15).
6
Let y(f) = 12*f + 9. Give y(-1).
-3
Let m(w) = -2*w**2 - 21*w - 15. Give m(-11).
-26
Let r(q) = -q**2 + 5*q + 246. What is r(-13)?
12
Let m(v) = -34*v + 5. What is m(2)?
-63
Let i(d) = d**2 - 4*d - 1. Determine i(4).
-1
Let h(s) = 6*s + 9. Calculate h(-7).
-33
Let d(v) = 2*v + 14. Determine d(-5).
4
Let i(q) = -2*q**2 - 197*q - 199. Determine i(-1).
-4
Let g(n) = -n - 17. Give g(-12).
-5
Let l(i) = -11*i**2 + 3*i - 2. Calculate l(1).
-10
Let k(i) = i**3 + 2*i**2 - i + 9. What is k(-3)?
3
Let u(p) = 4*p**2 - 41*p + 6. Determine u(10).
-4
Let n(a) = a**3 + 13*a**2 - a - 13. What is n(-13)?
0
Let x(v) = -v**2 - 16*v - 15. Calculate x(-13).
24
Let b(n) = -4*n**2 - 54*n - 31. Calculate b(-13).
-5
Let r(a) = -a**2 - 28*a - 10. What is r(-29)?
-39
Let a(x) = -3*x**2 - 5*x + 44. Determine a(-5).
-6
Let p(n) = -2*n**3 + 7*n**2 + 9*n - 28. Give p(4).
-8
Let k(f) = 9*f - 1. Give k(-5).
-46
Let t(v) = -v**2 + 27*v - 180. Determine t(12).
0
Let a(g) = 12*g - 20. Calculate a(3).
16
Let g(p) = -11*p**2 + 9*p + 1. Calculate g(-4).
-211
Let r(y) = -y**3 - 4*y**2 + y. Give r(-2).
-10
Let t(u) = u**3 - 17*u**2 - u + 19. What is t(17)?
2
Let s(c) = -2*c - 14. Give s(-3).
-8
Let w(v) = -40*v**2. What is w(1)?
-40
Let a(j) = 12*j + 209. Calculate a(-17).
5
Let m(t) = 2*t + 24. Determine m(-27).
-30
Let l(o) = o**2 - 9*o + 17. What is l(8)?
9
Let i(n) = n - 18. Give i(17).
-1
Let u(z) = 7*z - 49. Calculate u(8).
7
Let j(d) = 8*d + 3. Give j(1).
11
Let v(k) = -2*k**2 + 15*k - 2. Determine v(7).
5
Let n(y) = 2*y**2 - 3*y + 2. Give n(2).
4
Let p(i) = -12*i + 5. Calculate p(4).
-43
Let q(c) = c**3 - 14*c**2 + 14*c - 15. Calculate q(13).
-2
Let a(z) = -z**2 + 17*z - 46. Determine a(4).
6
Let r(s) = -s**2 + 14*s - 15. Calculate r(6).
33
Let s(m) = -m**2 - 4*m + 9. Determine s(-6).
-3
Let j(l) = l**3 + 9*l**2 - 5*l + 17. Determine j(-8).
121
Let p(c) = -7*c - 7. Give p(-6).
35
Let s(f) = -12*f + 45. What is s(-11)?
177
Let a(s) = -s**3 - 5*s**2 + 9*s + 1. Determine a(-6).
-17
Let n(r) = -r. What is n(6)?
-6
Let x(p) = -p**3 - 21*p**2 - 20*p + 5. What is x(-20)?
5
Let f(k) = -k**3 - 15*k**2 + 17*k + 39. Give f(-16).
23
Let q(k) = -k**3 + 8*k**2 + k + 3. Determine q(8).
11
Let m(d) = -d + 21. Calculate m(6).
15
Let b(f) = f**3 + 12*f**2 + 15*f + 1. What is b(-11)?
-43
Let t(p) = -p**3 + 10*p**2 - 11*p + 11. Determine t(9).
-7
Let g(u) = -3*u**2 + 21*u + 30. Calculate g(7).
30
Let w(j) = 5*j - 34. Give w(6).
-4
Let y(z) = -z**3 - 14*z**2 - 27*z + 1. Determine y(-12).
37
Let g(m) = m**2 + 2*m - 53. Give g(-8).
-5
Let o(r) = 2*r**2 - 38*r + 33. Give o(18).
-3
Let b(r) = -32*r - 110. Calculate b(-3).
-14
Let w(o) = 25*o**2 - 1. Determine w(1).
24
Let d(v) = v + 10. Give d(-15).
-5
Let t(y) = y**2 + 19*y + 90. Determine t(-8).
2
Let i(x) = 9*x - 232. Give i(27).
11
Let u(z) = 3*z**2 + 17*z + 8. Give u(-6).
14
Let f(h) = -10*h - 41. What is f(-5)?
9
Let f(r) = -9*r - 2. Give f(-1).
7
Let t(a) = a**3 + 7*a**2 + 3*a + 2. Calculate t(-4).
38
Let j(t) = 4*t**2 + 3*t - 4. Give j(-3).
23
Let h(c) = c**3 + 95*c**2 + 94*c + 7. Determine h(-94).
7
Let n(x) = 10*x + 325. Calculate n(-32).
5
Let f(p) = 2*p**2 + 9*p + 9. Give f(-5).
14
Let r(z) = z**3 + 5*z**2 + 6*z + 16. Determine r(-6).
-56
Let b(h) = -h - 44. Calculate b(-14).
-30
Let t(x) = -x**2 - 12*x + 52. What is t(5)?
-33
Let j(n) = -30*n + 112. Calculate j(5).
-38
Let x(n) = n - 19. Calculate x(18).
-1
Let d(u) = u**3 - 6*u**2 - 10*u + 61. Give d(6).
1
Let m(y) = -3*y - 1. Calculate m(-8).
23
Let k(u) = u**3 - 12*u**2 + 19*u + 16. What is k(10)?
6
Let j(a) = a**2 + 9*a - 122. Give j(10).
68
Let x(z) = z**3 - 9*z**2 + 16*z - 14. What is x(7)?
0
Let i(h) = -7*h - 93. What is i(-10)?
-23
Let d(c) = -c**2 + 9*c - 24. What is d(3)?
-6
Let f(u) = -u**2 + 5*u + 40. Calculate f(9).
4
Let t(d) = d**3 - 3*d**2 + 3*d. Give t(3).
9
Let l(t) = 2*t + 26. What is l(-13)?
0
Let i(j) = -j**3 + 7*j**2 - 4*j + 6. Determine i(6).
18
Let c(l) = 8*l - 219. Determine c(34).
53
Let g(u) = -u**3 - 6*u**2 + 10*u - 12. Determine g(-8).
36
Let f(c) = c**3 + 4*c**2 + 2*c + 1. Give f(-2).
5
Let n(b) = -b**2 + 18*b - 78. Determine n(15).
-33
Let y(t) = -t**2 - 5*t + 141. Calculate y(10).
-9
Let v(l) = -2*l - 2. Calculate v(4).
-10
Let j(l) = 2*l**3 + 16*l**2 - 4*l + 4. What is j(-8)?
36
Let d(y) = -2*y**2 - 31*y - 44. Give d(-14).
-2
Let i(f) = f + 28. Calculate i(-25).
3
Let q(f) = 5*f**2 - 10*f + 3. What is q(1)?
-2
Let w(a) = -a**3 + 10*a**2 - 7*a - 5. What is w(9)?
13
Let t(i) = 14*i + 114. Give t(-6).
30
Let q(c) = -6*c**2 - 17*c + 6. Determine q(-6).
-108
Let d(o) = -o**3 - 8*o**2 - 4*o + 16. Determine d(-7).
-5
Let k(u) = u**2 + 9*u + 20. Determine k(-6).
2
Let j(b) = -b**3 + b + 26. What is j(0)?
26
Let c(i) = 2*i**2 + 20*i - 2. Give c(-10).
-2
Let z(x) = -x**3 - 18*x**2 - 16*x + 21. Calculate z(-17).
4
Let a(d) = d**3 + d**2 + 20. Determine a(0).
20
Let n(c) = -13*c + 1. Determine n(-1).
14
Let c(f) = -2*f**3 + 1. Calculate c(0).
1
Let a(n) = n**2 + 8*n + 8. What is a(-6)?
-4
Let k(b) = -b**2 + 13*b + 39. Determine k(13).
39
Let t(s) = 55*s + 13. Give t(3).
178
Let f(u) = -4*u**3 + 4*u**2 + 2. Determine f(2).
-14
Let y(a) = -a**3 + 13*a**2 - 3*a - 24. What is y(13)?
-63
Let z(l) = -3*l**3 + 37*l**2 - 9*l - 25. Calculate z(12).
11
Let u(p) = -p**3 + 16*p**2 - 13*p - 34. Determine u(15).
-4
Let h(k) = -k**3 + 7*k**2 - 2*k - 17. Calculate h(6).
7
Let u(y) = -12*y**3 + y**2 + y. Calculate u(-1).
12
Let x(b) = -b**2 - 11*b - 34. Give x(-7).
-6
Let f(j) = 14*j - 2. Determine f(-4).
-58
Let b(l) = -l**3 + 15*l**2 + 18*l + 3. Determine b(16).
35
Let t(v) = 3*v**3 - 2*v**2 + v - 1. Determine t(2).
17
Let h(